
11
Let c be (-10)/15 + 4/(-3). Let t be 0 - -1 - 34/c. What is the highest common factor of 36 and t?
18
Let a = -3 - -7. Let i(h) = -h**3 + 3*h**2 + 4*h + 4. Let j be i(a). Calculate the highest common divisor of 16 and j.
4
Let g(k) = 6*k + 13. Let i(u) = u + 1. Let d(q) = g(q) - 5*i(q). Let t be d(-4). What is the greatest common divisor of t and 40?
4
Let z(j) be the second derivative of j**5/20 + 3*j**4/4 - j**3/3 - 5*j**2/2 + 3*j. Let h be z(-6). What is the highest common divisor of h and 46?
23
Let a(i) = -3*i + 12. Let k be a(-3). What is the highest common factor of k and 42?
21
Suppose -5*n + 5*v + 60 = 0, 2*v + 55 = 5*n - 2*v. Suppose 119 - n = l. Suppose 0 = -3*u - 21 + 69. Calculate the greatest common factor of l and u.
16
Suppose 4*t + 3*h = 47, -2*h = -2*t - t + 48. Let f(j) = -26*j + 2. Let d be f(-1). What is the greatest common divisor of d and t?
14
Suppose -4*m = 124 - 316. Let a(d) = 6*d - 6. Let t be a(5). Let h = m - t. What is the highest common divisor of h and 6?
6
Let b be ((-14)/(-21))/(1/21). Suppose 0 = -t - 2*t + 42. What is the greatest common divisor of b and t?
14
Suppose 0 = 3*s - 60 - 87. Let b = -27 + s. What is the highest common divisor of b and 33?
11
Let w = -31 + 84. Let s = -23 + w. Calculate the greatest common factor of 45 and s.
15
Let l(u) = -4*u + 1. Let q be l(-2). Let w = q + -7. Suppose -5*n + 2*j = -92, w*n - 31 = -j + 13. Calculate the highest common divisor of 40 and n.
20
Suppose -7*n + 144 = -4*n. Suppose 0 = 4*o - 0*o - n. Calculate the greatest common divisor of 12 and o.
12
Let q be ((-48)/30)/(4/(-10)). Suppose -f - q*t - 14 = -3*f, 4*t - 88 = -4*f. Let x = 50 - -1. Calculate the highest common divisor of x and f.
17
Let g be (14 + -10)/((-2)/(-41)). Suppose -4*p = -14 - g. Let q be (-1)/((-1)/(-36)*-1). Calculate the highest common divisor of p and q.
12
Let m(q) = q**3 + 3*q**2 - 2*q - 4. Let z be m(-4). Let h = -4 - z. Suppose -2 + 82 = 2*x. What is the highest common divisor of h and x?
8
Let w(d) = -6*d**2 - d + 1. Let u be w(1). Let o = 14 + u. Calculate the greatest common factor of 64 and o.
8
Suppose -2*a + 2*b - 2 = -b, 0 = -a + 5*b + 13. Let y be -5*(a/1 + -3). Let l = 36 - 26. What is the greatest common factor of l and y?
10
Let m be -5 + 2 + 35 + 0. Suppose -101 = w - 3*w - 5*c, -4*c = -4. What is the greatest common factor of m and w?
16
Let d = -43 - -65. Calculate the highest common divisor of 187 and d.
11
Let c(u) = -u**3 + 7*u**2 + 10*u - 3. Let w be c(8). What is the greatest common divisor of w and 143?
13
Let y = -7 - -1. Let v be (15 - 5)/((-1)/y). Suppose 4*c = 2*c + 48. What is the highest common factor of c and v?
12
Let f(w) = w**2 - 9*w + 2. Let a be f(9). Suppose -2*u + 8 = -a. Calculate the greatest common factor of 30 and u.
5
Suppose 3*n = 132 - 18. Let i = -22 + n. What is the highest common factor of 40 and i?
8
Let o be (0/(-3))/(-1) + 63. Calculate the highest common factor of o and 9.
9
Suppose -5*t + 53 - 8 = 0. Let d be t + (1 - 0/2). What is the highest common divisor of d and 25?
5
Let x(q) = -14*q + 24. Let z be x(-6). What is the greatest common factor of z and 36?
36
Let p = 43 + -20. Suppose -29 = -4*u + p. What is the highest common divisor of u and 13?
13
Let a be (141 - -1) + 5/(-20)*-8. What is the greatest common factor of a and 16?
16
Let z = -4 - -9. Let n(r) = -3 + 2*r - 4*r + z. Let c be n(-4). Calculate the highest common factor of c and 5.
5
Suppose -263 = -b + 34. Calculate the greatest common divisor of 27 and b.
27
Let a(y) = -2*y**3 + y**2 + y - 1. Let j be a(1). Let t = 22 - 15. Let d = j + t. What is the greatest common factor of d and 6?
6
Let i be (6/(-10))/((-13)/390). What is the greatest common factor of 198 and i?
18
Let t be 10 + -1 + -1 + -3. Suppose -o + 29 = -0*o + 4*i, o = -t*i + 32. Calculate the highest common factor of 17 and o.
17
Suppose 3*w + 15 = -0*w, a + 3*w - 8 = 0. Let p = 68 - a. Calculate the highest common factor of 5 and p.
5
Suppose -8*m + 5*m = -d + 22, -d = 4*m - 22. Suppose s + 36 = u, 5*s = -2*u + u + 18. Calculate the highest common divisor of u and d.
11
Let b(x) = 2*x**2 - 5*x - 2. Let y be b(6). Calculate the highest common divisor of 5 and y.
5
Let i = 29 - 12. Let r = i + -6. Let o(h) = h. Let d be o(1). Calculate the highest common divisor of r and d.
1
Let s be (-3)/(-2) - 45/6. Let u(a) = a**3 + 5*a**2 - 8*a - 3. Let i be u(s). Let w be 2*(i/(-6) + 2). Calculate the greatest common divisor of 7 and w.
1
Suppose 0 = -4*m - 4, -3*j + 3*m + 18 + 9 = 0. Let d(v) = v + j*v**3 - v + 0*v**3. Let k be d(1). What is the greatest common factor of 32 and k?
8
Suppose -5*k + 4*u - 8*u = -1124, -3*u + 1128 = 5*k. Suppose -3*y - y = -k. What is the highest common divisor of 19 and y?
19
Let o(w) = -w**2 + 5*w + 2. Let q be o(3). Suppose 0 = 4*a - 4 - q. Calculate the greatest common factor of 1 and a.
1
Let w be (-1 - 139)*(-88)/110. Calculate the highest common factor of w and 14.
14
Let x be (7 - -2)*(1 + 1). What is the highest common divisor of x and 2?
2
Suppose 2*y = 89 - 35. What is the greatest common divisor of 135 and y?
27
Let q = -6 + 3. Let g be (-35)/(-10)*(-1 - q). What is the highest common factor of g and 56?
7
Suppose 144 = 4*k + 52. Calculate the greatest common factor of k and 161.
23
Let s = -238 - -315. Suppose 50 = 5*c - 3*m + 2*m, 3*c = 3*m + 18. What is the highest common divisor of s and c?
11
Let s(h) = 2*h**3 - 29*h**2 + 19*h - 34. Let u be s(14). Suppose 36 = 2*x + x. Calculate the highest common factor of u and x.
12
Let x = 47 - 40. What is the greatest common factor of 7 and x?
7
Let o be (-5)/(1/(-6)*1). Let i(z) = -z + 15. Let v be i(11). Let a = v + 6. Calculate the greatest common factor of a and o.
10
Suppose 0 = 4*c - 3*g - 76, -3*c - 3*g = -2*c - 34. Let p = -10 + c. What is the greatest common factor of p and 60?
12
Let g(w) = -w**3 - 6*w**2 + 7*w + 8. Let s(i) = i**3 + 3*i**2 + 3*i + 2. Let c be s(-3). Let y be g(c). Calculate the highest common divisor of y and 12.
4
Let a(r) = r**3 + 2*r**2 + 26. Let o be a(0). Calculate the highest common factor of 65 and o.
13
Suppose -w - 4*w = -3*x + 112, 2*x = -2*w + 64. Calculate the highest common factor of 17 and x.
17
Let p = 39 - 26. Let c = -185 - -354. Let y = c - 104. What is the greatest common factor of y and p?
13
Let j be (-1 + 3)/1 + 40. Let c(x) = -x + 2. Let b be c(-3). Suppose b*f - j = 2*f. Calculate the highest common factor of 7 and f.
7
Let l(q) be the first derivative of -q**2 + 3*q - 5. Let v be l(-4). Let i be 167/3 + (-4)/6. What is the highest common divisor of v and i?
11
Let h = -2 - -8. Let f = h + -3. Suppose j - f*j + 104 = 0. What is the highest common factor of 13 and j?
13
Suppose -3*y = -25 - 185. What is the greatest common factor of 10 and y?
10
Let a(v) = v + 10. Let g be a(-5). Suppose -4*p - 71 = 3*y - 4*y, -2*p - 8 = 0. Calculate the highest common factor of g and y.
5
Let b(u) = -u**2 + u + 80. Let o be b(0). What is the greatest common divisor of 32 and o?
16
Let i(s) = -s**3 + 11*s**2 - 9*s - 4. Let o be i(10). Calculate the highest common divisor of o and 3.
3
Suppose 13*j + 50 = 18*j. Calculate the highest common divisor of j and 25.
5
Let s = -11 + 16. Suppose 3*x + 234 = s*x. What is the highest common divisor of 13 and x?
13
Let c = 3 + -6. Let s(n) = -n + 3. Let d be s(c). Let b be 980/52 + d/39. What is the greatest common factor of 171 and b?
19
Let h be (-428)/(-16) - 2/(-8). Suppose 0*w + 3*w = 729. Calculate the greatest common divisor of w and h.
27
Suppose -12*x = -8*x - 1188. What is the highest common factor of 27 and x?
27
Suppose 0 = -4*n - n + 360. Let p(w) = w**3 - 4*w**2 + w - 12. Let s be p(5). Calculate the highest common factor of n and s.
18
Let g = -155 + 274. What is the greatest common divisor of g and 17?
17
Let q = 145 + -141. Let t be ((-2)/(-3) + 0)*-6. Let c be t*19*(-1)/q. Calculate the greatest common divisor of c and 171.
19
Suppose 0 = 5*c - 24 - 16. Let s = c - 5. Let f = s - -7. Calculate the highest common divisor of f and 90.
10
Let z(j) = 11*j - 1. Let x be z(2). Let m(c) = -6*c + 6. Let a be m(-6). What is the greatest common factor of x and a?
21
Suppose 11*q = 6*q + 150. Let k be (-14 + -1)*(-8)/6. Calculate the highest com